1151 a prime number?
True
Is 2054971 prime?
True
Is 575467 composite?
True
Is 24454777 composite?
False
Is 2779223 a composite number?
True
Is 222704843 prime?
True
Is 23199659 composite?
True
Is 542799641 a prime number?
False
Is 27714397 prime?
True
Is 7053909 a composite number?
True
Is 1122419 prime?
True
Is 440777 prime?
False
Is 3434239 a composite number?
True
Is 261523 prime?
True
Is 14043839 a composite number?
False
Is 22287813 prime?
False
Is 522113 prime?
True
Is 38635399 a prime number?
False
Is 6475477 composite?
True
Is 87857323 prime?
True
Is 24466289 a prime number?
True
Is 592009 prime?
False
Is 140773829 a prime number?
False
Is 1300303 a prime number?
False
Is 8739113 a prime number?
True
Is 15084587 prime?
False
Is 173150927 composite?
False
Is 1134403 composite?
False
Is 9712513 prime?
False
Is 521009 a prime number?
True
Is 7817573 a prime number?
True
Is 31227733 a prime number?
False
Is 23911429 a prime number?
False
Is 2908951 composite?
False
Is 28288637 composite?
True
Is 936241 composite?
True
Is 2827931 a prime number?
True
Is 50332567 a prime number?
False
Is 14478082 a prime number?
False
Is 9110701 prime?
False
Is 47626219 a composite number?
False
Is 12094417 prime?
True
Is 1831027 a prime number?
False
Is 474365 composite?
True
Is 9750329 a prime number?
True
Is 42959611 a composite number?
True
Is 5883685 composite?
True
Is 436472303 a prime number?
True
Is 90431 prime?
False
Is 5102819 a prime number?
False
Is 3054049 a prime number?
False
Is 894329 a prime number?
True
Is 159737299 a prime number?
False
Is 2193454 prime?
False
Is 41534693 prime?
True
Is 5487221 prime?
True
Is 69591397 a prime number?
False
Is 365235941 prime?
False
Is 10469633 a prime number?
False
Is 3642299 a prime number?
True
Is 6512434 composite?
True
Is 30313681 prime?
False
Is 1568723047 a prime number?
True
Is 120617663 composite?
True
Is 423649 prime?
True
Is 6285761 a prime number?
True
Is 1590857 a prime number?
True
Is 1524799 composite?
False
Is 667241 prime?
True
Is 48917047 a composite number?
False
Is 13616701 composite?
True
Is 22627471 a prime number?
True
Is 18995233 prime?
True
Is 1113421 composite?
False
Is 6248393 a composite number?
True
Is 1663509127 a composite number?
True
Is 57201083 a prime number?
True
Is 12250955 a prime number?
False
Is 27243281 a prime number?
False
Is 22587377 composite?
False
Is 17570653 prime?
True
Is 52539601 composite?
False
Is 9022987 a composite number?
False
Is 2551817 a prime number?
True
Is 12403009 composite?
False
Is 35011687 prime?
False
Is 24272059 composite?
True
Is 5284757 prime?
False
Is 3274391 a prime number?
True
Is 785774533 a prime number?
False
Is 10217147 prime?
False
Is 1141733 a composite number?
True
Is 3161731 prime?
False
Is 36179797 a composite number?
False
Is 256392221 composite?
False
Is 54936059 composite?
False
Is 7270969 a composite number?
False
Is 12173923 composite?
True
Is 39011599 a prime number?
False
Is 7876969 prime?
True
Is 439787 a composite number?
False
Is 8282513 a prime number?
True
Is 13261841 a composite number?
False
Is 1657433 a composite number?
True
Is 884227 prime?
True
Is 961131 prime?
False
Is 10858013 a composite number?
True
Is 64039891 a prime number?
False
Is 107788379 composite?
True
Is 79453967 prime?
True
Is 9281071 prime?
True
Is 2704307 a prime number?
False
Is 15245761 a composite number?
False
Is 2093909 a composite number?
True
Is 68369981 a composite number?
True
Is 184889854 composite?
True
Is 14399999 a prime number?
True
Is 22316929 composite?
False
Is 301349 a composite number?
False
Is 298140773 composite?
True
Is 11141017 a prime number?
False
Is 116806621 a prime number?
True
Is 191063 prime?
False
Is 700018261 composite?
True
Is 1296419 prime?
True
Is 5778449 prime?
True
Is 6053374 composite?
True
Is 24837551 a prime number?
True
Is 19995473 a prime number?
False
Is 67955827 a composite number?
True
Is 21644151 a prime number?
False
Is 3042349 composite?
False
Is 487433409 prime?
False
Is 8879153 composite?
False
Is 602267 composite?
False
Is 781345519 composite?
False
Is 321217 prime?
False
Is 956477 composite?
False
Is 20656115 a composite number?
True
Is 278565529 a composite number?
True
Is 3558179 a composite number?
True
Is 1112161 composite?
True
Is 1695167 a composite number?
True
Is 1857049 a composite number?
False
Is 21925109 composite?
True
Is 4728019 prime?
True
Is 236222051 a prime number?
False
Is 2894737 a composite number?
False
Is 1916099 prime?
True
Is 663657461 a prime number?
True
Is 852485 a prime number?
False
Is 92587757 a prime number?
True
Is 530903 composite?
True
Is 2595737 a composite number?
False
Is 625596859 composite?
False
Is 19826927 prime?
True
Is 720915383 prime?
True
Is 203117 prime?
True
Is 8277886 composite?
True
Is 350159 prime?
True
Is 104435 composite?
True
Is 9013337 a composite number?
True
Is 34806301 composite?
False
Is 1025486017 composite?
True
Is 5852779 a prime number?
False
Is 6824039 composite?
False
Is 2617709 a prime number?
False
Is 93858659 composite?
False
Is 282173 composite?
True
Is 3457847 prime?
False
Is 269692977 a composite number?
True
Is 888479 composite?
False
Is 29130899 a composite number?
True
Is 19511409 composite?
True
Is 27606442 prime?
False
Is 264400373 a prime number?
False
Is 224466163 prime?
False
Is 153195509 prime?
True
Is 20137619 a prime number?
True
Is 793483 a prime number?
False
Is 2732101 a composite number?
True
Is 8347913 a composite number?
True
Is 36897299 a composite number?
False
Is 148975319 composite?
False
Is 3560729 prime?
False
Is 2248423 a composite number?
False
Is 2882021 composite?
False
Is 77148061 a prime number?
True
Is 6619345 composite?
True
Is 2804993 a prime number?
True
Is 116255 a composite number?
True
Is 36698657 a composite number?
False
Is 367612471 a composite number?
True
Is 17513878 a prime number?
False
Is 9821159 composite?
False
Is 50640511 a composite number?
False
Is 20885 a composite number?
True
Is 438271139 composite?
True
Is 19527787 prime?
True
Is 38498779 a composite number?
True
Is 22888721 a composite number?
True
Is 11728729 a prime number?
False
Is 105893497 a composite number?
True
Is 6793951 composite?
False
Is 2484179 a prime number?
True
Is 5539523 prime?
False
Is 1578701 a prime number?
True
Is 108991 a prime number?
True
Is 12658367 a composite number?
True
Is 1364491 a composite number?
False
Is 6815983 a prime number?
False
Is 78524851 prime?
False
Is 213795753 a composite number?
True
Is 191855501 prime?
True
Is 427518811 composite?
True
Is 2154487 prime?
True
Is 413035003 prime?
False
Is 1598365 prime?
False
Is 1481885 prime?
False
Is 524464769 composite?
False
Is 76619617 a prime number?
False
Is 65676647 composite?
False
Is 1434991 a prime number?
True
Is 23425849 a composite number?
False
Is 21104011 composite?
False
Is 1968893 composite?
True
Is 7305547 a composite number?
False
Is 359427 prime?
False
Is 13398311 a composite number?
True
Is 18981199 a prime number?
True
Is 122351 prime?
False
Is 338627 a prime number?
False
Is 166524013 a composite number?
True
Is 50001323 a composite number?
True
Is 1224487 a prime number?
False
Is 82711159 a prime number?
True
Is 23302853 a prime number?
False
Is 44031821 prime?
False
Is 8819791 prime?
True
Is 110433163 a prime number?
True
Is 17607021 composite?
True
Is 2853413 a prime number?
True
Is 9303773 a composite number?
False
Is 41729663 composite?
False
Is 2300735 a composite number?
True
Is 513209 prime?
False
Is 862850883 prime?
False
Is 2775145 composite?
True
Is 18217454 a composite number?
True
Is 1738673 a composite number?
True
Is 626987 a composite number?
False
Is 196181701 a composite number?
False
Is 109290149 a prime number?
True
Is 10407233 prime?
False
Is 857695 a composite number?
True
Is 10201927 prime?
True
Is 47157713 a prime number?
False
Is 14306263 composite?
False
Is 3240857 composite?
True
Is 29123 prime?
True
Is 62455499 a prime number?
True
Is 8680443 a prime number?
False
Is 1392631 a composite number?
False
Is 167566759 prime?
True
Is 78627323 a composite number?
True
Is 39619057 prime?
False
Is 190757407 composite?
True
Is 686437 prime?
True
Is 44362927 a composite number?
True
Is 10787817 a